 what is -9118047 - -7?
-9118040
In base 8, what is -3 - -114064425?
114064422
In base 2, what is -10 + -111100111011111010011101?
-111100111011111010011111
In base 10, what is 2714 - -43672?
46386
In base 13, what is 2327 - -77512?
79839
In base 10, what is -20603516 + 5?
-20603511
In base 13, what is 399 + -78c0?
-7524
In base 15, what is 6a - dac0d?
-dab93
In base 10, what is -3748371 + 1?
-3748370
In base 3, what is 10110122021120 - -10011?
10110122101201
In base 2, what is -10110000010110 - -11011101100?
-10010100101010
In base 10, what is -295274 + 22?
-295252
In base 13, what is -4cac - 19ac?
-698b
In base 3, what is 212220202 + -120200212?
22012220
In base 13, what is -18792 - -454?
-1833b
In base 13, what is c8c8 + -a8?
c820
In base 5, what is 12344304 + -4001?
12340303
In base 7, what is -405434 - -1014?
-404420
In base 5, what is 43 + -23431140013?
-23431134420
In base 4, what is -103312200 - -2?
-103312132
In base 15, what is 3 + -9d4b3d5?
-9d4b3d2
In base 10, what is -47 - -168616?
168569
In base 12, what is -3a4 + 63172?
6298a
In base 9, what is 5 + -412015226?
-412015221
In base 8, what is -1224325 + -1105?
-1225432
In base 9, what is -22472 - -3212?
-18260
In base 10, what is -602123 + -663?
-602786
In base 3, what is 11000212 - -100221?
11101210
In base 7, what is 5 - 2515631?
-2515623
In base 4, what is 30101013301 + 232?
30101020133
In base 9, what is 7 - 7486?
-7478
In base 14, what is -4 + -931bc1?
-931bc5
In base 9, what is -1131 + -20007?
-21138
In base 16, what is 20e9a0 + 5?
20e9a5
In base 10, what is -1247525 + 4?
-1247521
In base 2, what is -1101 + -1010000111110001101100110?
-1010000111110001101110011
In base 15, what is -192653 + -20a?
-19285d
In base 16, what is 3dbbaf + 76?
3dbc25
In base 4, what is 12312 - 22311013?
-22232101
In base 16, what is -3 + 6ae29e8?
6ae29e5
In base 16, what is 2df19e + 39?
2df1d7
In base 4, what is -233100 - 1201?
-300301
In base 10, what is -11006 + -1005?
-12011
In base 11, what is -1 - -150466578?
150466577
In base 15, what is -b + -51cd80?
-51cd8b
In base 9, what is -2648 + 108636?
105877
In base 11, what is -7a335 - 2729?
-81a63
In base 14, what is 165254d - 2?
165254b
In base 16, what is -1fa3e76 - -2?
-1fa3e74
In base 14, what is b76b + 4749?
120b6
In base 4, what is 10322 - 2021002011?
-2020331023
In base 13, what is 4c53 + 5c65?
abb8
In base 10, what is -2159 - 45464?
-47623
In base 15, what is -2173 - 18?
-218b
In base 14, what is 11 + -26c083?
-26c072
In base 2, what is -101 + -1110010101111011011001010?
-1110010101111011011001111
In base 12, what is 4 + 15755751?
15755755
In base 9, what is -173 + 317776?
317603
In base 10, what is -1358 - 40288?
-41646
In base 7, what is 12 + -2410544?
-2410532
In base 13, what is -7532 + 17c?
-7383
In base 15, what is 2c - 13d4c62?
-13d4c35
In base 13, what is 61 - -37943?
379a4
In base 4, what is -1130101 + 1310002?
113301
In base 2, what is 10010111001100001000 - 1101?
10010111001011111011
In base 15, what is -1 - 87c10a?
-87c10b
In base 2, what is 101101011101101000100 - -100111?
101101011101101101011
In base 11, what is -13949185 - 5?
-1394918a
In base 11, what is -503468021 - 0?
-503468021
In base 11, what is 9 - -2303a376?
2303a384
In base 14, what is 182cca - 407?
1828c3
In base 8, what is 6 - 17437000?
-17436772
In base 10, what is 7065 + 846?
7911
In base 5, what is -12340102 + -13?
-12340120
In base 16, what is -34c1 + -797?
-3c58
In base 2, what is 1 - 101011010110100000011111?
-101011010110100000011110
In base 6, what is -105340451 - -1?
-105340450
In base 3, what is -11022211 - -20221200110?
20210100122
In base 13, what is 1a8864 + -117?
1a874a
In base 11, what is -9995 - 12972?
-21857
In base 15, what is bc8 - 65168?
-64490
In base 11, what is 20339 - -25?
20363
In base 6, what is 10322151 + 10?
10322201
In base 4, what is -331 - 110303020?
-110310011
In base 16, what is b - 16f4c9?
-16f4be
In base 14, what is 361d - -26128?
29747
In base 7, what is -22 - 23326146?
-23326201
In base 11, what is 76a24 - 1a81?
74a53
In base 13, what is c797 - -a57a?
1a044
In base 15, what is 12e67 - 25?
12e42
In base 3, what is 211121221121 - -2202?
211122001100
In base 10, what is 1 + -21091043?
-21091042
In base 5, what is 11300 + -1111401133?
-1111334333
In base 7, what is -4 + 52065404?
52065400
In base 14, what is 1413164d + -1?
1413164c
In base 14, what is 1 + 358418d?
3584190
In base 5, what is -3 - 410332402?
-410332410
In base 10, what is 1452 - -139914?
141366
In base 11, what is 308 + -9a1056?
-9a0849
In base 3, what is -2022002001122121 - 1021?
-2022002001200212
In base 7, what is -321 + -15243546?
-15244200
In base 8, what is 177 - -406225?
406424
In base 14, what is 6 + 9ab1036?
9ab103c
In base 4, what is 2310313010 - -12?
2310313022
In base 14, what is -3 - 43481?
-43484
In base 4, what is 11103221321 - 3?
11103221312
In base 14, what is -adb - -7aa6?
6da9
In base 3, what is 1201 - 22120020102?
-22120011201
In base 6, what is -13224042 - -3?
-13224035
In base 5, what is 11301 + 41211?
103012
In base 16, what is 8 + 5b2667?
5b266f
In base 8, what is 6 - -50150?
50156
In base 2, what is -101000001010000110011011101 - -10?
-101000001010000110011011011
In base 4, what is -1331 + -133311113?
-133313110
In base 16, what is -17f668 - 0?
-17f668
In base 11, what is -3803 - -3480?
-333
In base 10, what is -4320263 - -6?
-4320257
In base 5, what is 3033 - 1404131?
-1401043
In base 10, what is -404 + 323043?
322639
In base 14, what is 158b30d - -3b?
158b34a
In base 3, what is -1112112000210102 + 0?
-1112112000210102
In base 8, what is -12 + 76024334?
76024322
In base 13, what is 4672146 + -2?
4672144
In base 2, what is -1000101111010111100 - 11000101?
-1000101111110000001
In base 8, what is 16 + 5430165?
5430203
In base 6, what is -20110 - -211141?
151031
In base 15, what is -3 - b8980e?
-b89812
In base 7, what is -616243266 + -34?
-616243333
In base 10, what is 902024 + 134?
902158
In base 5, what is 101 - -140321212?
140321313
In base 8, what is -4255244 + -23?
-4255267
In base 13, what is -2 + -540aca22?
-540aca24
In base 14, what is -3c7b139 - -3?
-3c7b136
In base 4, what is -12 + -3301102103?
-3301102121
In base 14, what is -3189a8b - 2?
-3189a8d
In base 11, what is 624175 + 2?
624177
In base 2, what is -10010001100111101011101010010 - 100?
-10010001100111101011101010110
In base 6, what is -414023012 + 11?
-414023001
In base 12, what is 1 + -6150133?
-6150132
In base 2, what is -10100101111011 - -11011111111?
-10001001111100
In base 11, what is 4796 + 3883?
8569
In base 8, what is -4 - -5553470?
5553464
In base 9, what is 308 + 2142656?
2143065
In base 8, what is 327710 - 45?
327643
In base 2, what is 11111011100111 - -101000011011?
100100100000010
In base 8, what is -13253052754 - -4?
-13253052750
In base 14, what is 1582 + 236?
17b8
In base 14, what is -4b - -127475?
127428
In base 9, what is 3086878 + 8?
3086887
In base 16, what is 0 - -e789?
e789
In base 5, what is 3311344 - -32104?
3344003
In base 12, what is 15372 - 310?
15062
In base 9, what is -1 - -5542141?
5542140
In base 13, what is 0 - -29bb5?
29bb5
In base 12, what is 0 + 234a9b?
234a9b
In base 5, what is -40010241044 + 1?
-40010241043
In base 7, what is 21 - 3210044?
-3210023
In base 13, what is 93 + 1107?
119a
In base 9, what is 8 - 137857?
-137848
In base 14, what is 4 - -2040d1?
2040d5
In base 8, what is -3 + 4044046?
4044043
In base 7, what is 5 + -464335232?
-464335224
In base 8, what is -15 + -4677133?
-4677150
In base 14, what is 1 + 2c9c7382?
2c9c7383
In base 8, what is 4 + -3646153?
-3646147
In base 2, what is -1010110111101111 + 100100?
-1010110111001011
In base 9, what is -112185 + -702?
-112887
In base 16, what is 5fb187 + 5?
5fb18c
In base 5, what is -323 - -3401410?
3401032
In base 3, what is -2111221200 - 100?
-2111222000
In base 2, what is 11110 - 100100110000011010011001?
-100100110000011001111011
In base 13, what is -5463cc6 - -4?
-5463cc2
In base 2, what is 10101 + -1011111110011000110011?
-1011111110011000011110
In base 11, what is -1261737 + 161?
-1261586
In base 8, what is -12145 - -1071?
-11054
In base 14, what is -2274cd - -4?
-2274c9
In base 13, what is -a582 - 1279?
-b82b
In base 16, what is c16c - -155?
c2c1
In base 6, what is 244333 - 300